j(k) = -17*k**2 + 13. Let z(n) = -8*n**2 + 6. Let a(q) = m*j(q) + 13*z(q). Let v = -1 - 0. Give a(v).
-2
Let y(t) = 8*t**2 + 2*t**2 + 0*t**2. Determine y(1).
10
Let i(w) = -w**2 - w - 3. Let b(q) = -q. Let h(t) = 4*b(t) - i(t). Let y(n) = n + 3. Suppose -2*d = -7*d. Let p be y(d). Calculate h(p).
3
Let q(h) = 3*h**3. Let r be q(-1). Let a(c) = c**3 + c**2 - c + 2. Let t(u) = u**3 + 2*u**2 - u + 2. Let j(l) = r*t(l) + 4*a(l). Give j(3).
8
Suppose 0*q = -q + 3. Suppose 4*o - 3*o = q. Suppose -3*a = -5*r + 11, 0 = -r + o*a + a - 8. Let c(p) = -3*p + 5. Give c(r).
-7
Suppose 5*i + 11 = 36. Suppose i*z - 2 - 3 = 0. Let s(u) = -5*u - 3. Let t(r) = 5*r + 4. Let g(k) = 3*s(k) + 2*t(k). Determine g(z).
-6
Let k(l) = 3*l - 3. Let h be k(2). Let a(t) = t**h - 2 - 12*t + 10*t + 2*t**2 + 0*t**3. Calculate a(-2).
2
Suppose 0*d = -2*d + 28. Suppose 0 = 6*l - 2*l + 2*c - d, -3*c = 3. Let b = 2 - l. Let w(f) = f - 1. Give w(b).
-3
Let k(f) = -2*f**2 + 4*f + 5. Suppose 0 = -2*o + 5*o - 12. Determine k(o).
-11
Let j(y) = 3*y**3 - 3*y**2 + 9*y - 2. Let n(c) = c**3 - 2*c**2 + 4*c - 1. Let g(o) = -2*j(o) + 5*n(o). Determine g(-5).
14
Let o(l) be the first derivative of 1/2*l**2 - 2/3*l**3 + 1 + 0*l. Calculate o(2).
-6
Let k(t) = -3*t**3 + 4*t**2 - 5*t + 1. Let n(o) = 4*o**3 - 5*o**2 + 6*o - 1. Let a(b) = -6*k(b) - 5*n(b). Let r = 107 + -108. Determine a(r).
2
Let n(j) be the first derivative of -1/24*j**4 - 1/3*j**3 + 1/30*j**5 + 1/120*j**6 + 0*j + 2 - j**2. Let t(b) be the second derivative of n(b). Determine t(-2).
0
Let k(p) be the third derivative of -p**4/24 - p**3 + 26*p**2. Calculate k(-10).
4
Let d(k) = -k**3 - 6*k**2 - 4*k - 2. Suppose -2*u = -u. Let f be (u - -1)*(-1 - 4). Determine d(f).
-7
Let g(k) = -5*k**2 - k. Let t be g(-1). Let f(z) = -9*z**3 - 8*z**2 + 3*z + 1. Let h(o) = 7*o**3 + 7*o**2 - 2*o - 1. Let i(m) = 3*f(m) + 4*h(m). What is i(t)?
-5
Let l(w) = -w - 4*w + 0*w - 3 - 2*w**2. Let u be 3 - -2 - 3 - 18. Let z be ((-24)/u)/((-1)/2). Determine l(z).
-6
Let z(o) = 5 - 2*o - 2 + o + 2*o. What is z(4)?
7
Let b(s) = -s**3 + 11. Let v = 25 - 25. Give b(v).
11
Suppose 3*f - c = -17, 11 = -4*f - c - 0. Let r be (f/5)/((-1)/(-5)). Let p(n) = -3*n + 5*n + 3*n + n**2 - 3*n. Determine p(r).
8
Let d be 90/21 + 2/(-7). Suppose s + d*s = -15. Let a(j) = -j - 2. What is a(s)?
1
Let p(d) = d**3 + 7*d**2 - 3*d - 10. Suppose r + 3*u = 2*r + 19, 0 = -5*r + 3*u - 47. Determine p(r).
11
Let u(p) = 39*p**2 - 23*p**2 - 17*p**2 + 8*p - 1. Give u(6).
11
Let d(h) = -4*h - 3. Suppose 3*s = -3*a - 21, -s + 2*a + 3 + 2 = 0. Let t(r) = r**2 + 3*r - 2. Let v be t(s). Give d(v).
5
Let g(v) = v**2 + 9*v - 6. Let a(p) = -2*p - 8. Let j be a(0). What is g(j)?
-14
Let m(h) be the third derivative of 0*h + 1/24*h**4 - 1/20*h**5 + 0 + 1/120*h**6 + 7*h**2 - 1/6*h**3. Determine m(2).
-3
Let k = -14 + 15. Let o(n) = 5*n + 1. Let a(q) = -q + 1. Let d(p) = k*o(p) + 4*a(p). Calculate d(-5).
0
Let s(r) = r**3 + 4*r**2 - 3*r - 5. Suppose 2*o - 18 = 18. Suppose -46 + o = 7*w. Give s(w).
7
Let q(s) = -s**3 - s**2 + s + 1. Let z(u) = -2*u**2 + 3*u - 2. Let a(n) = q(n) + z(n). What is a(-4)?
-1
Let z(j) be the second derivative of -1/6*j**3 + 0 + 2*j + 3/2*j**2. Let r(l) = -l + 5. Let u(o) = 5*r(o) - 7*z(o). What is u(-3)?
-2
Let h(g) = -2*g**2 - 4*g + 1. Suppose 5*y - y = 12. Let o be (y - 2) + (-1 - -2). Suppose o*p - v + 1 = 0, 17 = -5*p + p - v. Determine h(p).
-5
Let l(m) = -3*m - 5. Let f = -13 - -3. Let z be f - (-2 + 3 - -1). Let d be (-1)/(-4) - (-51)/z. Determine l(d).
7
Let f(p) = 7*p + 372*p**2 - p**3 + 0*p - 9 - 367*p**2. Calculate f(6).
-3
Let d(n) = -n**3 - 4*n**2 - 2*n + 2. Let a be -1*(3 + -3 + 0). Let z be -6 + a + (5 - 2). Calculate d(z).
-1
Suppose 4 = k + 2. Let w(j) = -2*j**2 - 7*j + k + 3*j**2 + 3. Let h be 6/(-3) + (-1)/(6/(-42)). Calculate w(h).
-5
Let b(x) = 7 - 7 - 9*x. Determine b(-1).
9
Suppose -3*q + 15 = -2*g, 0 = -2*q - g + 3. Suppose 0 = -7*j + q*j - 16. Let p(s) = s - 9. Let k(u) = 2*u - 10. Let r(v) = -3*k(v) + 4*p(v). What is r(j)?
2
Let j(k) = 2*k + 8*k**2 + 1 - 3*k + 0*k. Suppose -2*l + 4 = -2*r - 10, 0 = 3*l - 2*r - 19. Suppose s = 6*s - l. Determine j(s).
8
Let d = 60 - 56. Let t(y) = -y**3 + 5*y**2 - 3*y + 1. What is t(d)?
5
Let q be 4/(-3)*(-2 + -1). Let k(n) = n**2 - n - 1. Let v(h) = h**2 + 3*h - 2. Let r(u) = -2*k(u) + v(u). Calculate r(q).
4
Let l(a) = -3*a - 4. Let r(t) = -7*t - 9. Let h(s) = -9*l(s) + 4*r(s). Calculate h(4).
-4
Let n(o) = 2*o + 0*o**2 - 3 - 2 + 0*o - 5*o**2 + o**3. Calculate n(4).
-13
Let s = -9 + 13. Let h(x) be the second derivative of -x**7/840 + x**6/120 + x**5/30 - x**3/2 + 5*x. Let w(z) be the second derivative of h(z). What is w(s)?
0
Let s(h) = -6*h**2 + 7*h - 6. Let p(z) = 7*z**2 - 8*z + 7. Let c(o) = -5*p(o) - 6*s(o). Let n = -7 - -5. Calculate c(n).
9
Let i(a) be the second derivative of 1/6*a**3 - 7/20*a**5 + a - 1/2*a**2 + 0*a**4 + 0. Let r be -1*(-3 + 25/10)*2. What is i(r)?
-7
Let c(x) = -6*x**3 - x**2 + 2*x - 1. Let p(v) = -2*v**2 + 0*v**2 + 3*v**2 + 0*v**2 + 1. Let l be p(0). Calculate c(l).
-6
Let c(q) = -3*q + 5. Let r = -44 + 48. Determine c(r).
-7
Let b(y) = 2*y**2 - 3*y**2 + 137 - 2*y - 3*y - 132. Let h = 5 + -10. Determine b(h).
5
Let u = -1 + 3. Let b(p) = 0 + 3*p**2 - p**3 - u + 3*p - 1. Let q be -4 - 52/(-12) - (-20)/12. Give b(q).
7
Let s(a) = a + 5. Let i = 41 - 20. Let m = -24 + i. Determine s(m).
2
Let k(s) = -s**3 + 8*s**2 - 6*s - 2. Suppose -6*c = -23 - 19. What is k(c)?
5
Let n(l) = 5*l**3 - 2*l**2 + l + 1. Let t(i) = -6*i**3 + 3*i**2 - 2*i - 1. Let q = 4 - 7. Let x(r) = q*t(r) - 4*n(r). What is x(1)?
-2
Let c(o) be the first derivative of -2*o**3/3 - 3*o**2/2 - o - 2. Determine c(-3).
-10
Let t(s) = s + 4 - 1 + 2*s**2 + 1. Calculate t(-3).
19
Let f(t) = -3*t - 2. Let j(r) = r + 2. Let d be j(-6). Determine f(d).
10
Let o(z) = 5*z**3 + z**2 - z. Let k(s) be the first derivative of -1/2*s**2 - s + 1/3*s**3 - 3. Let x be k(-1). What is o(x)?
5
Suppose -5*l + 3*o - 12 = -47, -2*l - 5*o + 14 = 0. Let g(z) = 2*z - 10. What is g(l)?
4
Suppose 11 - 1 = 2*j. Let v(t) = t**3 - 4*t**2 - 5*t - 7. Calculate v(j).
-7
Let l be (-4)/(-12)*4*-3. Let t = -2 + 1. Let w = l - t. Let z(c) = -c - 4. Determine z(w).
-1
Suppose 12 = 2*d - 0*d. Let w(c) = 4*c + 3. Let a(t) = -9*t - 5. Let x(h) = 6*a(h) + 13*w(h). What is x(d)?
-3
Let d = 5 + -5. Let u be (d - 2) + 7 + -4. Let c(j) = -j**3 + 2*j - 1. What is c(u)?
0
Let d(l) be the third derivative of l**5/60 + 5*l**4/24 - 7*l**3/6 - 20*l**2. What is d(-7)?
7
Let p be -3 - -2 - -3 - 0. Let v(j) = 4 - p + 0*j - 5*j - 1. Give v(-1).
6
Let q(l) = -l**2 + 4*l - 3. Let u be q(0). Let t(p) = -p**3 - 3*p**2 - 2*p. What is t(u)?
6
Let d(c) = -c + 3. Let w be d(-2). Let j(r) = 0*r - 4*r - 3*r**2 - r**2 + r**3. Calculate j(w).
5
Let v(l) = -213 + 3*l + 220 + 0*l**2 + 3*l + l**2. What is v(-5)?
2
Let w(h) = h**2 - h + 1. Suppose 3*n + 18 = 4*p - 11, 5*n + 40 = 5*p. Suppose p*l = -2*k + 10, k + 4 = -l + 3*l. Give w(l).
3
Let d(t) = -2*t + 4. Let x be d(5). Let u(s) = -s - 1. What is u(x)?
5
Let c(a) = -5. Let f(l) be the first derivative of -l**2/2 + l - 2. Let z(y) = -c(y) + f(y). Let p be (45/10 + -5)*0. Give z(p).
6
Let f(q) be the second derivative of q**3/3 - 3*q**2/2 + 5*q. Calculate f(2).
1
Suppose -i = i. Suppose i = z + 4*q + 2, z - 3*z - 4 = -4*q. Let s be -3*(-3*1 - z). Let h(x) = -x**2 + 2. What is h(s)?
-7
Suppose 3*t - 24 - 27 = -x, -3*t + 3*x + 51 = 0. Suppose -w + 3*a - 8*a + t = 0, -a - 1 = -2*w. Let p(q) = -q**2 + q + 2. What is p(w)?
0
Let y(o) be the first derivative of 3*o - 1/4*o**4 - 8 - 7/3*o**3 - 5/2*o**2. Calculate y(-6).
-3
Let g(l) = l**2 + 11*l + 12. Suppose -22*u + 20*u - 18 = 0. Give g(u).
-6
Suppose 22 = 3*w - 5*t, 2*w + 5*t + 22 = t. Let b = w + 1. Suppose -o + 2*o = b. Let i(p) = -p + 2. Determine i(o).
2
Suppose 3*z + 3 = 9. Let r(i) = -4*i + 2 - z. Let u be (-2)/3 + (-15)/(-9). Determine r(u).
-4
Let q(l) = l - 11. Let h(g) = -g + 11. Let p(x) = 2*h(x) + 3*q(x). Give p(8).
-3
Let v(i) = 2*i**2 + i. Let p be v(-1). Let d(q) = 4 - q**2 - p + 4*q + 2. Let x be (-6 - 0)/(9/(-6)). Give d(x).
5
Let t(i) be the second derivative of -i**5/20 - i**4/4 + i**2 + 3*i. Determine t(-2).
-2
Let t(x) = -x**2 + 2*x + 2. Suppose 2 + 4 = 2*q. Suppose -y + q = -0.